. Let y(n) = 4*n**3 - n**2 - 5*n + 5. Let j(a) = 5*i(a) + 4*y(a). Suppose 5*x - x = 0. Calculate j(x).
-5
Let o be (-2)/(-8) - (-36)/(-16). Let j be ((-12)/o - 2)*1. Let r(u) be the first derivative of -u**2 - 1. Determine r(j).
-8
Let j(w) be the second derivative of -w**3/6 + 5*w**2/2 - 5*w. Let v(z) = 1 - z**2 + 6*z + 0*z + 0*z**2. Let l be v(5). What is j(l)?
-1
Let g(x) be the third derivative of x**6/120 + x**5/10 - x**4/24 + x**3/2 - x**2. Let o = 144 + -150. Determine g(o).
9
Let f(x) be the third derivative of -x**5/10 + x**3/6 + x**2. Let m = 661 - 662. Calculate f(m).
-5
Let k(j) = -j + 1. Suppose 0 = -4*z - 13 + 33. Suppose z = -2*m + m. Determine k(m).
6
Let m(s) = s**3 - s + 1. Let l(v) = -3*v**3 - 4*v**2 + 8*v - 3. Let t(x) = -l(x) - 4*m(x). Calculate t(3).
-4
Let y be (0 - -1) + (-4)/(-1). Let f(t) = y*t - t**3 + t**2 + 1 - 6*t - 7*t**3. Determine f(1).
-7
Let l(k) = 4*k**2 - k. Let r be l(1). Let h(v) = -2*v**3 + 3*v**r - 6*v**2 - 10*v + 11*v - 2*v**3. Determine h(-6).
-6
Let k(v) = 2*v - 4*v + 0 + 2 + v. What is k(3)?
-1
Let h(m) = m**2 - 4*m + 6. Suppose -40 = -x - 3*x. Let q be (-2)/x - (-21)/5. Give h(q).
6
Let j(v) = 5*v - 17. Let u = 9 + -1. Let h(y) = -3*y + 11. Let a(q) = u*h(q) + 5*j(q). Give a(-4).
-1
Let u(d) = -6 - 4*d - 2*d + 7*d. Determine u(7).
1
Let l(a) = 3*a**2 - 24*a - 12. Let c(f) = f**2 - 8*f - 4. Let z(d) = 8*c(d) - 3*l(d). Give z(8).
4
Let u(h) = 2 - 3 + 3*h - 6*h. Determine u(6).
-19
Let a = -6 + 8. Let w(i) = -2 + 0*i + 0*i**2 - 2*i + i**a. Determine w(3).
1
Let n(x) = x**2 + x - 4. Let z(c) = -4 + 6 + 4 + 3*c**2 - 4*c**2 + 5*c. Let i be z(6). Give n(i).
-4
Let i(n) = -n + 2. Let k be i(0). Let a(l) = 5*l**2 + 4*l - k - 4*l**2 + 4. Suppose 3*s + 0*v = 4*v - 9, s - 3*v + 3 = 0. Give a(s).
-1
Let y(v) be the second derivative of -5*v**2 + 0 - 3*v - 1/6*v**3. What is y(0)?
-10
Let j(f) = f**3 + 15*f**2 + 2*f - 11. Let u(x) = -2*x**3 - 31*x**2 - 3*x + 23. Let g(c) = -13*j(c) - 6*u(c). Determine g(-8).
5
Let l(a) = -16*a**3 - 2*a**2 + 3*a. Let v(q) = 33*q**3 + 5*q**2 - 7*q. Let i(s) = -7*l(s) - 3*v(s). Determine i(1).
12
Let a be (3/(-3))/((-2)/(-8)). Let p(i) = 1 - 4 - 1 - i. Let b(f) = -2*f - 9. Let k(u) = 6*b(u) - 14*p(u). Calculate k(a).
-6
Let s = -2 - -6. Let y(d) = -s*d - 4 + 17*d + 5. Suppose -t = t + 2. Calculate y(t).
-12
Let t(k) = 1 + 0*k**3 - 6*k + 8 + 7*k**2 + k**3. What is t(-8)?
-7
Let d(n) = 6*n**2 - n - 3*n**2 + n**3 - 2*n + 1. Let x be 38/(-4) - 1/(-2). Let p = x - -5. What is d(p)?
-3
Let q(n) = -n**3 + 5. Let l(m) = -m**2 - 20*m + 21. Let f be l(-21). Calculate q(f).
5
Let x = -111 - -111. Let f(j) = 0 - 2*j - j**3 - 9 + j - 5*j**2. Let s(v) = -v**3 - 4*v**2 - v - 8. Let d(l) = -3*f(l) + 4*s(l). What is d(x)?
-5
Let l(i) = i**3 + 8*i**2 + 10*i + 16. Let z be l(-7). Let d(w) = -w - 1. Calculate d(z).
4
Suppose 25*w - 27*w - 12 = 0. Let s(c) = -c**2 - 5*c - 1. Determine s(w).
-7
Suppose -3*s - 2*z = 8 + 23, 5*s + 52 = -3*z. Let j(v) = -6*v + 4. Let o(n) = -4*n + 7*n - 5*n + 1. Let q(r) = s*o(r) + 4*j(r). What is q(5)?
-5
Let a(s) be the first derivative of s**3/3 + s**2/2 + 4*s + 39. What is a(-4)?
16
Let j(h) = -h**2 - 6*h - 1. Let y be (-7 - 2)*(-1)/(9/(-3)). Determine j(y).
8
Let s = 2 - -1. Suppose s*y - y = 20. Suppose d - y = 6*d. Let k(n) = 2*n**3 + 2*n**2 + 1. What is k(d)?
-7
Let w(r) = 5*r**2 - 6*r - 2. Let n(s) = -s**2 + s. Let q(k) = 6*n(k) + w(k). Suppose 9 = 4*j + 1. Determine q(j).
-6
Let k(w) be the second derivative of -w**4/12 - w**3 + 5*w**2/2 - 24*w. Determine k(-7).
-2
Let r(m) = -2*m**2 - 3*m + 1. Let u be r(-3). Let w(l) = l**2 + 9*l + 6. Calculate w(u).
-2
Let t = -7 + 9. Let k = t - -2. Let l(n) = n**3 - 4*n**2 + n - 5. Give l(k).
-1
Let q be -2 + (-5 - -3)*-3. Let c = -10 - -7. Let h = q + c. Let v(z) = -5*z. Give v(h).
-5
Let j(c) = -5*c - 2. Let x(r) = r**2 - 7*r + 8. Let u be x(6). Determine j(u).
-12
Let q(w) = 8*w**2 - 1. Suppose 21 = s - 0. Suppose -3*u = -0*u + s. Let a be (-9)/u - 6/21. Calculate q(a).
7
Suppose -3*w + 8*w - 4*y + 14 = 0, 5*w = -y - 9. Let q(k) = -6*k - 1. Calculate q(w).
11
Let t be ((-50)/(-15))/(-2)*-3. Let y be (-1 - -3)*(-3)/(-2). Let h(z) = 3*z**3 - z**3 + 3 - t*z**3 + 4*z**y. Give h(0).
3
Let m(a) = -a**3 - 7*a**2 - 2*a - 9. Let x be m(-7). Suppose 6*j - x*b = 3*j - 19, 17 = j + 3*b. Let r(t) = -t + 1 + 0*t**3 + t**j - t**3 + 3*t**2. Give r(3).
7
Let s(m) = -10 - 10 - 5*m - m**2 + 21. Calculate s(-6).
-5
Let q(h) = -h. Let t(b) = -4*b - 2. Let p(f) = 5*q(f) - t(f). Determine p(4).
-2
Let y(j) be the first derivative of -j**4/12 - j**3/3 + j**2/2 - 4*j - 4. Let h(w) be the first derivative of y(w). Give h(-4).
-7
Let f(i) = -i**2 - 2*i + 2. Let l be f(-2). Let g = -1 + l. Suppose 5 - g = 2*a. Let y(n) = n**2 - 3*n - 2. Give y(a).
-4
Let r(h) be the second derivative of h**3/6 - h**2/2 + 4*h + 4. Give r(-11).
-12
Let d be (2 - 1)/((-3)/12). Let u(p) be the third derivative of -1/20*p**5 - 1/6*p**3 - 1/120*p**6 + p**2 + 0 + 1/12*p**4 + 0*p. Give u(d).
7
Let v(a) be the first derivative of 1/4*a**4 + a**2 - 5/3*a**3 + 2*a + 9. Calculate v(3).
-10
Let g(u) = -u**2. Let z be g(-2). Suppose 0 = -3*l + 4*l - 1, 7 = 2*n + 3*l. Let c(a) = 7*a**n - 6*a**2 + 3*a - 3*a + 3*a. Give c(z).
4
Let b(y) = y - 2. Let l be b(7). Let i(s) = -5*s**2 - 2*s**3 - s - 2*s**2 + l*s**2. Give i(-1).
1
Let r = 2 - 2. Let t(q) = -q**3 + q - 1. What is t(r)?
-1
Let r(k) = k**3 - 6*k**2 + 5*k + 4. Let c = 3 - 2. Let s be -9*(2/c)/(-2). Let h = s - 5. What is r(h)?
-8
Let a(z) = z**3 - 5*z**2 + 21*z - 10*z - 10*z. What is a(3)?
-15
Let s(b) = b + 3*b**2 - 4*b**3 + 4*b**3 - 2 + b**3. Let h = 3 - 5. Determine s(h).
0
Let c(u) = -3*u - 9 + 7*u - 3*u. Let m = -10 - -15. Give c(m).
-4
Let j(n) be the first derivative of n**3/3 + 4*n**2 + 9*n + 207. Let w be ((-2)/1 + 0)*-3. Suppose 0 = -d + 2*d + w. Calculate j(d).
-3
Let c(u) be the first derivative of 0*u - 5/2*u**2 + 2. Calculate c(-1).
5
Suppose l = -3*l. Suppose l = -w - 2*w. Let n(z) = 9 - 2*z - 2 + 3*z. Give n(w).
7
Let c(g) = g**3 - 4*g**2 - 3*g - 7. Let k = 3 + -4. Let r be 1 + (k + -1)/(-2). Let w(n) = 4*n - 3. Let q be w(r). Calculate c(q).
3
Suppose -6 = f - 9. Let v(k) = k**3 - 3*k**2 - k - 1. Calculate v(f).
-4
Let t(b) = -22*b - 16. Let a(v) = -7*v - 5. Let c(u) = 16*a(u) - 5*t(u). Let g(r) = r**3 + 5*r**2 + 5*r + 2. Let m be g(-4). Determine c(m).
4
Let w = -12 - -5. Let m(q) = q**3 + 8*q**2 + 9*q + 8. Determine m(w).
-6
Let r be (-1)/3 - 1/(-3). Let h(w) = w + 8. Calculate h(r).
8
Let f(p) = -6*p**3 + 11*p**2 - 9*p - 1. Let w(o) = 5*o**3 - 10*o**2 + 8*o + 2. Let c(b) = 4*f(b) + 5*w(b). What is c(5)?
1
Let z(f) = -f**2. Let k(l) = -4*l**2 - 3*l - 3. Let u(v) = k(v) - 3*z(v). What is u(-3)?
-3
Let i(s) be the third derivative of -s**7/315 + s**6/720 + s**5/120 - s**4/12 - 3*s**2. Let v(q) be the second derivative of i(q). Give v(-1).
-8
Let a(l) = -l**2 + l + 1. Let o(m) = -3 - 2*m + 3 - 4 + 2. Let y(b) = b**3 - 3*b**2 + b. Let u be y(2). Let h be o(u). Give a(h).
-1
Let x(p) = -19 + 6 - 2*p + 11. Give x(3).
-8
Let p = -5 - -10. Suppose 5*i = -2*t + 5, -4*t + p = 2*i - 13. Let l(x) = 8*x**3 + x**2 + x. Determine l(i).
-8
Let p(x) be the third derivative of -x**6/30 - x**4/24 - x**3/6 + 8*x**2. What is p(-1)?
4
Suppose 1 = j, j = -3*m - 3*j - 8. Let i(l) = -l**3 - 3*l**2 + 3*l + 3. Determine i(m).
7
Let w(b) = 562*b - 8 - 278*b - b**2 - 275*b. Calculate w(6).
10
Let h be (-1)/(1/(-1) - -2). Let f = 2 + -1. Let g(y) = -1 - y + f. What is g(h)?
1
Let x be (2 - 2) + (2 - -1). Let p(o) = o + 1. Let z(s) = 2*s + 2. Let g(k) = 3*p(k) - z(k). Determine g(x).
4
Let t be (-2)/(-3)*546/28. Let f(x) = 6 + 8 - 4*x - 2*x - t - x**2. Give f(-6).
1
Let w(y) = -1 - 2*y - 2*y**2 + 11*y - 8*y + y**2. Suppose 6 = 3*l - 6*l. Let d be (2/2)/(-1 - l). Determine w(d).
-1
Let y(j) = -1. Let s(n) = 2*n + 5. Let t(x) = 7*x**2 - x. Let q be t(1). Let v(i) = q*y(i) + s(i). Let k(d) = -d**2 - 11*d - 17. Let u be k(-9). What is v(u)?
1
Suppose 26*d = 24*d + 4*g + 4, -2*d - 4*g = -4. Let j(v) = 3*v + 2. Give j(d).
8
Let f(m) = -9*m - 1. Let b(h) = 26*h + 3. Let s(i) = -3*b(i) - 8*f(i). Determine s(1).
-7
Let w(s) be the second derivative of s**6/120 + 7*s**5/60 + 5*s**4/24 - 5*s**3/6 - s**2/2 - 7*s. Let t(m) be the first derivative 